{"version":"1.0","provider_name":"Bring\u00e1zz a munk\u00e1ba! (Bam!)","provider_url":"https:\/\/bringazzamunkaba.cafeblog.hu","author_name":"Bring\u00e1zz a munk\u00e1ba! (Bam!)","author_url":"https:\/\/bringazzamunkaba.cafeblog.hu\/author\/bringazz-a-munkaba-bam\/","title":"Vall\u00e1sa: biciklista ","html":"<div>\r\n<div>\r\n<div style=\"text-align: justify\">\r\n<div style=\"text-align: justify\">\r\n<div>\r\n<div>\r\n<div>Tov\u00e1bbra is tart felh\u00edv\u00e1sunk, melynek keret\u00e9n bel\u00fcl v\u00e1rjuk a Ti ker\u00e9kp\u00e1ros t\u00f6rt\u00e9neteket is! Ez\u00fattal egyik \u00f6nk\u00e9ntes\u00fcnk osztja meg Veletek a saj\u00e1t t\u00f6rt\u00e9net\u00e9t: hogyan lett t\u00f6megk\u00f6zleked\u0151b\u0151l vall\u00e1sos biciklista.<\/div>\r\nHa Te is szeretn\u00e9d megosztani saj\u00e1t t\u00f6rt\u00e9neted, <a href=\"http:\/\/kerekparosklub.hu\/bam\/az_en_bringas_tortenetem\" target=\"_blank\">\u00edrd meg<\/a> nek\u00fcnk!\r\n<div><\/div>\r\n<div>\r\n\r\n<em>Az \u00e9n t\u00f6rt\u00e9netem egy szerelemr\u0151l sz\u00f3l, vagyis kett\u0151r\u0151l. Az egyik k\u00e9t ker\u00e9ken t\u00e1vozott, de maga ut\u00e1n hagyott egy k\u00e9tkerek\u0171t.<\/em>\r\n\r\n<\/div>\r\n<em>Persze, hogy volt egy t\u0171zpiros BMX-em kb. 7 \u00e9ves koromban. Azzal sz\u00e1guldoztam, \u00e9s nagyon men\u0151nek \u00e9reztem magam. Meg estem, keltem. Azt\u00e1n valahogy kin\u0151ttem. A biciklit \u00e9s a bicikliz\u00e9st is. Snitt: eltelik kb. 20 \u00e9v. Azt\u00e1n j\u00f6tt egy szerelem, meg az \u0151 k\u00e9tkerek\u0171 parip\u00e1ja.<\/em>\r\n\r\n<\/div>\r\n<em>Annyit f\u00e1rasztott m\u00e1r a bicikliz\u00e9ssel \u00e9s annak \u00f6r\u00f6meivel, hogy egy nyaral\u00e1s alkalm\u00e1val v\u00e9g\u00fcl beadtam a derekam, \u00e9s \u00e9n is nyeregbe pattantam. \u00c9pp a Balatonn\u00e1l voltunk, \u00e9s n\u00e9h\u00e1ny \u00f3ra eltelt\u00e9vel hat\u00e1rozottan \u00e9lvezni kezdtem, ahogy sz\u00e1guldozni pr\u00f3b\u00e1lok az \u00e9ppen sz\u00e9t nem es\u0151 bring\u00e1val a kisebb-nagyobb emelked\u0151k k\u00f6z\u00f6tt, mik\u00f6zben folyamatosan a Balaton l\u00e1tv\u00e1nya t\u00e1rul el\u00e9m. Arra gondoltam, tal\u00e1n ez otthon, Budapesten is m\u0171k\u00f6dne, \u00fagyhogy nosza, szerezz\u00fcnk egy ker\u00e9kp\u00e1rt!<\/em>\r\n\r\n<\/div>\r\n<div><a href=\"https:\/\/bringazzamunkaba.cafeblog.hu\/files\/2013\/10\/04.jpg\"><img class=\"size-large wp-image-436 \" alt=\"04\" src=\"https:\/\/bringazzamunkaba.cafeblog.hu\/files\/2013\/10\/04-600x399.jpg\" width=\"600\" height=\"399\" \/><\/a><\/div>\r\n<em>Post\u00e1n \u00e9rkezett az \u00e9n csod\u00e1latos Wanderer biciklim, \u00e9s ugyan az elej\u00e9n ici-picit \u00e1t kellett alak\u00edtani a v\u00e1rosi ig\u00e9nyeimnek, de a felker\u00fclt kos\u00e1r \u00e9s csomagtart\u00f3 semmit sem vett el a fantasztikus orsz\u00e1g\u00fati versenyker\u00e9kp\u00e1r jelleg\u00e9b\u0151l. Az elej\u00e9n arra gondoltam, \u00e9n leszek a leg\u00f3vatosabb \u00e9s biztons\u00e1gosabb az eg\u00e9sz v\u00e1rosban: csak a j\u00e1rd\u00e1n, csak lassan, csak mosolyogva tekerek majd. Ahha... egy-k\u00e9t h\u00e9t \u00e9s n\u00e9mi rutinszerz\u00e9s eltelt\u00e9vel megel\u00e9geltem a j\u00e1r\u00f3kel\u0151ket \u00e9s \u00fatk\u00f6zep\u00e9n s\u00e9t\u00e1l\u00f3 galambokat, \u00e9s hirtelen elr\u00e1ntva a korm\u00e1nyt lehuppantam az aut\u00f3k k\u00f6z\u00e9. J\u00f3, h\u00e1t nem mondom, hogy el\u0151sz\u00f6r nem f\u00e9ltem: dehogynem! H\u00f3napokig \u00fagy tekertem munk\u00e1ba, hogy k\u00f6zben \u00e9reztem a gyomromban egy enyhe kis szor\u00edt\u00e1st \u00e9s az \u00e1tlagosn\u00e1l magasabb adrenalin- \u00e9s stressz szintet. Merthogy k\u00f6zben a munk\u00e1ba is elkezdtem gurulva j\u00e1rni!<\/em>\r\n\r\n<\/div>\r\n<div><a href=\"https:\/\/bringazzamunkaba.cafeblog.hu\/files\/2013\/10\/03.jpg\"><img class=\"size-full wp-image-435 \" alt=\"03\" src=\"https:\/\/bringazzamunkaba.cafeblog.hu\/files\/2013\/10\/03.jpg\" width=\"508\" height=\"393\" \/><\/a><\/div>\r\n<em>Eltelt az els\u0151 ny\u00e1r, sz\u00e9pen lassan megszoktam \u00e9s be\u00e9p\u00edtettem a ker\u00e9kp\u00e1roz\u00e1st a mindennapjaimba, megtanultam hova szabad \u00e9s nem szabad lek\u00f6tni, \u00e9s gr\u00e1tiszk\u00e9nt m\u00e9g a Balatont is megker\u00fcltem vele. Ez h\u00e1rom \u00e9ve t\u00f6rt\u00e9nt, az\u00f3ta az akkori szerelem m\u00e1r kigurult az \u00e9letemb\u0151l, de hagyott maga ut\u00e1n egy m\u00e1sikat: az \u00e9n t\u00fcrkiz, kosaras, csoda biciklimet.<\/em>\r\n\r\n<\/div>\r\n<div><a href=\"https:\/\/bringazzamunkaba.cafeblog.hu\/files\/2013\/10\/01.jpg\"><img class=\"size-large wp-image-433 \" alt=\"01\" src=\"https:\/\/bringazzamunkaba.cafeblog.hu\/files\/2013\/10\/01-600x450.jpg\" width=\"600\" height=\"450\" \/><\/a><\/div>\r\n<em>Azt hiszem igaz\u00e1n id\u00e9n lett\u00fcnk a legjobb bar\u00e1tok: m\u00e1r az els\u0151 t\u00e9li naps\u00fct\u00e9sn\u00e9l azt terveztem, hogy fel\u00fcl\u00f6k \u00e9s tekerek egy kicsit, mert nem b\u00edrom tov\u00e1bb en\u00e9lk\u00fcl, de v\u00e1rni kellett m\u00e9g. A tavasz \u00e9rkezt\u00e9vel viszont visszaford\u00edthatatlanul elj\u00f6tt a gurul\u00e1s id\u0151szaka. Az\u00f3ta mindenhova, de t\u00e9nyleg mindenhova egy\u00fctt megy\u00fcnk.<\/em>\r\n\r\n<\/div>\r\n<em>Egy\u00fctt voltunk a sz\u00e1momra els\u0151 \u00e9s utols\u00f3 Critical Mass-en, egy\u00fctt ker\u00fclt\u00fck meg id\u00e9n ism\u00e9t a Balatont, \u00e9s most k\u00e9sz\u00fcl\u00fcnk az egynapos ker\u00fcl\u00e9sre is; egy\u00fctt t\u00e9ved\u00fcnk el folyamatosan Budapesten \u00e9s egy\u00fctt \u00e9l\u00fcnk meg minden napot. A legjobb bar\u00e1tomm\u00e1 \u00e9s a szerelmemm\u00e9 v\u00e1lt ez a j\u00e1rg\u00e1ny, n\u00e9ha a m\u00fazs\u00e1m, n\u00e9ha pedig a megold\u00e1s a b\u00e1natomra.<\/em>\r\n\r\n<\/div>\r\n<div><a href=\"https:\/\/bringazzamunkaba.cafeblog.hu\/files\/2013\/10\/02.jpg\"><img class=\"size-large wp-image-434 \" alt=\"02\" src=\"https:\/\/bringazzamunkaba.cafeblog.hu\/files\/2013\/10\/02-600x399.jpg\" width=\"600\" height=\"399\" \/><\/a><\/div>\r\n<p style=\"text-align: justify\"><em>\u00c9s hogy mi\u00e9rt v\u00e1rok minden egyes percet, amikor tekerhetek...? Mert enn\u00e9l nagyobb szabads\u00e1g kev\u00e9s van, mert id\u0151t sp\u00f3rolok (nem is keveset), mert utaz\u00e1s k\u00f6zben sportolok, mert m\u00e1s szemsz\u00f6gb\u0151l l\u00e1tom a v\u00e1rosom \u00e9s a vil\u00e1got, \u00e9s mert mindig j\u00f3 kedvem lesz, ha nyeregbe pattanok. <\/em><\/p>\r\n<em>Ez egy \u00e9let\u00e9rz\u00e9s, ami semmi m\u00e1shoz nem hasonl\u00edthat\u00f3.<\/em>\r\n\r\n<em>Kriny\u00f3<\/em>","type":"rich","thumbnail_url":"https:\/\/bringazzamunkaba.cafeblog.hu\/files\/2013\/10\/04-150x150.jpg","thumbnail_width":150,"thumbnail_height":150}

Bringázz a munkába! (Bam!)

Vallása: biciklista

<div>
<div>
<div style="text-align: justify">
<div style="text-align: justify">
<div>
<div>
<div>Továbbra is tart felhívásunk, melynek keretén belül várjuk a Ti kerékpáros történeteket is! Ezúttal egyik önkéntesünk osztja meg Veletek a saját történetét: hogyan lett tömegközlekedőből vallásos biciklista.</div>
Ha Te is szeretnéd megosztani saját történeted, <a href="http://kerekparosklub.hu/bam/az_en_bringas_tortenetem" target="_blank">írd meg</a> nekünk!
<div></div>
<div>

<em>Az én történetem egy szerelemről szól, vagyis kettőről. Az egyik két keréken távozott, de maga után hagyott egy kétkerekűt.</em>

</div>
<em>Persze, hogy volt egy tűzpiros BMX-em kb. 7 éves koromban. Azzal száguldoztam, és nagyon menőnek éreztem magam. Meg estem, keltem. Aztán valahogy kinőttem. A biciklit és a biciklizést is. Snitt: eltelik kb. 20 év. Aztán jött egy szerelem, meg az ő kétkerekű paripája.</em>

</div>
<em>Annyit fárasztott már a biciklizéssel és annak örömeivel, hogy egy nyaralás alkalmával végül beadtam a derekam, és én is nyeregbe pattantam. Épp a Balatonnál voltunk, és néhány óra elteltével határozottan élvezni kezdtem, ahogy száguldozni próbálok az éppen szét nem eső bringával a kisebb-nagyobb emelkedők között, miközben folyamatosan a Balaton látványa tárul elém. Arra gondoltam, talán ez otthon, Budapesten is működne, úgyhogy nosza, szerezzünk egy kerékpárt!</em>

</div>
<div><a href="https://bringazzamunkaba.cafeblog.hu/files/2013/10/04.jpg"><img class="size-large wp-image-436 " alt="04" src="https://bringazzamunkaba.cafeblog.hu/files/2013/10/04-600x399.jpg" width="600" height="399" /></a></div>
<em>Postán érkezett az én csodálatos Wanderer biciklim, és ugyan az elején ici-picit át kellett alakítani a városi igényeimnek, de a felkerült kosár és csomagtartó semmit sem vett el a fantasztikus országúti versenykerékpár jellegéből. Az elején arra gondoltam, én leszek a legóvatosabb és biztonságosabb az egész városban: csak a járdán, csak lassan, csak mosolyogva tekerek majd. Ahha... egy-két hét és némi rutinszerzés elteltével megelégeltem a járókelőket és útközepén sétáló galambokat, és hirtelen elrántva a kormányt lehuppantam az autók közé. Jó, hát nem mondom, hogy először nem féltem: dehogynem! Hónapokig úgy tekertem munkába, hogy közben éreztem a gyomromban egy enyhe kis szorítást és az átlagosnál magasabb adrenalin- és stressz szintet. Merthogy közben a munkába is elkezdtem gurulva járni!</em>

</div>
<div><a href="https://bringazzamunkaba.cafeblog.hu/files/2013/10/03.jpg"><img class="size-full wp-image-435 " alt="03" src="https://bringazzamunkaba.cafeblog.hu/files/2013/10/03.jpg" width="508" height="393" /></a></div>
<em>Eltelt az első nyár, szépen lassan megszoktam és beépítettem a kerékpározást a mindennapjaimba, megtanultam hova szabad és nem szabad lekötni, és grátiszként még a Balatont is megkerültem vele. Ez három éve történt, azóta az akkori szerelem már kigurult az életemből, de hagyott maga után egy másikat: az én türkiz, kosaras, csoda biciklimet.</em>

</div>
<div><a href="https://bringazzamunkaba.cafeblog.hu/files/2013/10/01.jpg"><img class="size-large wp-image-433 " alt="01" src="https://bringazzamunkaba.cafeblog.hu/files/2013/10/01-600x450.jpg" width="600" height="450" /></a></div>
<em>Azt hiszem igazán idén lettünk a legjobb barátok: már az első téli napsütésnél azt terveztem, hogy felülök és tekerek egy kicsit, mert nem bírom tovább enélkül, de várni kellett még. A tavasz érkeztével viszont visszafordíthatatlanul eljött a gurulás időszaka. Azóta mindenhova, de tényleg mindenhova együtt megyünk.</em>

</div>
<em>Együtt voltunk a számomra első és utolsó Critical Mass-en, együtt kerültük meg idén ismét a Balatont, és most készülünk az egynapos kerülésre is; együtt tévedünk el folyamatosan Budapesten és együtt élünk meg minden napot. A legjobb barátommá és a szerelmemmé vált ez a járgány, néha a múzsám, néha pedig a megoldás a bánatomra.</em>

</div>
<div><a href="https://bringazzamunkaba.cafeblog.hu/files/2013/10/02.jpg"><img class="size-large wp-image-434 " alt="02" src="https://bringazzamunkaba.cafeblog.hu/files/2013/10/02-600x399.jpg" width="600" height="399" /></a></div>
<p style="text-align: justify"><em>És hogy miért várok minden egyes percet, amikor tekerhetek...? Mert ennél nagyobb szabadság kevés van, mert időt spórolok (nem is keveset), mert utazás közben sportolok, mert más szemszögből látom a városom és a világot, és mert mindig jó kedvem lesz, ha nyeregbe pattanok. </em></p>
<em>Ez egy életérzés, ami semmi máshoz nem hasonlítható.</em>

<em>Krinyó</em>
